{"id":1801,"date":"2022-03-15T16:26:27","date_gmt":"2022-03-15T15:26:27","guid":{"rendered":"http:\/\/sacricuori.wplnw.it\/dove-operiamo\/colombia\/pasto-religiosas-de-los-sagrados-corazones-de-jesus-y-maria\/"},"modified":"2022-03-15T16:41:15","modified_gmt":"2022-03-15T15:41:15","slug":"pasto-religiosas-de-los-sagrados-corazones-de-jesus-y-maria","status":"publish","type":"page","link":"https:\/\/www.sacricuori.org\/pt-pt\/dove-operiamo\/colombia\/pasto-religiosas-de-los-sagrados-corazones-de-jesus-y-maria\/","title":{"rendered":"Pasto -Religiosas de los Sagrados Corazones de Jesus y Maria"},"content":{"rendered":"<p>La prima comunit\u00e0 stabile colombiana si \u00e8 formata a Pasto nel 1989, le suore erano arrivate in Colombia gi\u00e0 dal 1987.<\/p>\n<p>La casa si trova in una zona tranquilla della citt\u00e0, la costruzione usata come scuola \u00e8 separata dall&#8217;edificio della comunit\u00e0.<\/p>\n<p>Attivit\u00e0: catechesi,<br \/>\neducazione dei bambini nella scuola materna,<br \/>\nstudio e formazione per le giovani ragazze che chiedono di entrare nella Congregazione.<\/p>\n","protected":false},"excerpt":{"rendered":"<p>La prima comunit\u00e0 stabile colombiana si \u00e8 formata a Pasto nel 1989, le suore erano arrivate in Colombia gi\u00e0 dal [&hellip;]<\/p>\n","protected":false},"author":2,"featured_media":3225,"parent":1698,"menu_order":0,"comment_status":"closed","ping_status":"closed","template":"page_sede.php","meta":{"footnotes":""},"class_list":["post-1801","page","type-page","status-publish","has-post-thumbnail","hentry"],"acf":[],"_links":{"self":[{"href":"https:\/\/www.sacricuori.org\/pt-pt\/wp-json\/wp\/v2\/pages\/1801","targetHints":{"allow":["GET"]}}],"collection":[{"href":"https:\/\/www.sacricuori.org\/pt-pt\/wp-json\/wp\/v2\/pages"}],"about":[{"href":"https:\/\/www.sacricuori.org\/pt-pt\/wp-json\/wp\/v2\/types\/page"}],"author":[{"embeddable":true,"href":"https:\/\/www.sacricuori.org\/pt-pt\/wp-json\/wp\/v2\/users\/2"}],"replies":[{"embeddable":true,"href":"https:\/\/www.sacricuori.org\/pt-pt\/wp-json\/wp\/v2\/comments?post=1801"}],"version-history":[{"count":1,"href":"https:\/\/www.sacricuori.org\/pt-pt\/wp-json\/wp\/v2\/pages\/1801\/revisions"}],"predecessor-version":[{"id":1802,"href":"https:\/\/www.sacricuori.org\/pt-pt\/wp-json\/wp\/v2\/pages\/1801\/revisions\/1802"}],"up":[{"embeddable":true,"href":"https:\/\/www.sacricuori.org\/pt-pt\/wp-json\/wp\/v2\/pages\/1698"}],"wp:featuredmedia":[{"embeddable":true,"href":"https:\/\/www.sacricuori.org\/pt-pt\/wp-json\/wp\/v2\/media\/3225"}],"wp:attachment":[{"href":"https:\/\/www.sacricuori.org\/pt-pt\/wp-json\/wp\/v2\/media?parent=1801"}],"curies":[{"name":"wp","href":"https:\/\/api.w.org\/{rel}","templated":true}]}}

<p>La prima comunità stabile colombiana si è formata a Pasto nel 1989, le suore erano arrivate in Colombia già dal 1987.</p>
<p>La casa si trova in una zona tranquilla della città, la costruzione usata come scuola è separata dall&#8217;edificio della comunità.</p>
<p>Attività: catechesi,<br />
educazione dei bambini nella scuola materna,<br />
studio e formazione per le giovani ragazze che chiedono di entrare nella Congregazione.</p>

<p>La prima comunità stabile colombiana si è formata a Pasto nel 1989, le suore erano arrivate in Colombia già dal [&hellip;]</p>
